{"id":73,"date":"2019-07-11T20:54:25","date_gmt":"2019-07-11T17:54:25","guid":{"rendered":"http:\/\/testisivu.video.blog\/?page_id=73"},"modified":"2019-09-09T22:18:26","modified_gmt":"2019-09-09T19:18:26","slug":"rukouspyynto","status":"publish","type":"page","link":"https:\/\/www.norinvapaasrk.fi\/index.php\/rukouspyynto\/","title":{"rendered":"Rukouspyynt\u00f6"},"content":{"rendered":"\n<p>T\u00e4m\u00e4 lomake l\u00e4hett\u00e4\u00e4 rukouspyynn\u00f6n Norinkyl\u00e4n vapaaseurakunnan vastuullisille.<\/p>\n\n\n\n<pre class=\"wp-block-code\"><code><div class=\"wpforms-container wpforms-container-full\" id=\"wpforms-401\"><form id=\"wpforms-form-401\" class=\"wpforms-validate wpforms-form\" data-formid=\"401\" method=\"post\" enctype=\"multipart\/form-data\" action=\"\/index.php\/wp-json\/wp\/v2\/pages\/73\" data-token=\"1ba5bb25f7aa1bc1034f2bc8020df276\" data-token-time=\"1778878213\"><noscript class=\"wpforms-error-noscript\">Please enable JavaScript in your browser to complete this form.<\/noscript><div class=\"wpforms-field-container\"><div id=\"wpforms-401-field_2-container\" class=\"wpforms-field wpforms-field-text\" data-field-id=\"2\"><label class=\"wpforms-field-label\" for=\"wpforms-401-field_2\">Nimi tai nimimerkki (pakollinen) <span class=\"wpforms-required-label\">*<\/span><\/label><input type=\"text\" id=\"wpforms-401-field_2\" class=\"wpforms-field-medium wpforms-field-required\" name=\"wpforms[fields][2]\" required><\/div><div id=\"wpforms-401-field_1-container\" class=\"wpforms-field wpforms-field-text\" data-field-id=\"1\"><label class=\"wpforms-field-label\" for=\"wpforms-401-field_1\">S\u00e4hk\u00f6posti (vapaaehtoinen)<\/label><input type=\"text\" id=\"wpforms-401-field_1\" class=\"wpforms-field-medium\" name=\"wpforms[fields][1]\" ><\/div><div id=\"wpforms-401-field_3-container\" class=\"wpforms-field wpforms-field-textarea\" data-field-id=\"3\"><label class=\"wpforms-field-label\" for=\"wpforms-401-field_3\">Rukouspyynt\u00f6 (pakollinen) <span class=\"wpforms-required-label\">*<\/span><\/label><textarea id=\"wpforms-401-field_3\" class=\"wpforms-field-medium wpforms-field-required\" name=\"wpforms[fields][3]\" required><\/textarea><\/div><\/div><!-- .wpforms-field-container --><div class=\"wpforms-field wpforms-field-hp\"><label for=\"wpforms-401-field-hp\" class=\"wpforms-field-label\">Message<\/label><input type=\"text\" name=\"wpforms[hp]\" id=\"wpforms-401-field-hp\" class=\"wpforms-field-medium\"><\/div><div class=\"wpforms-recaptcha-container wpforms-is-recaptcha wpforms-is-recaptcha-type-v2\" ><div class=\"g-recaptcha\" data-sitekey=\"6Len7OEUAAAAADc-zUcs5D-woBENkm-IY1Dbh2UO\"><\/div><input type=\"text\" name=\"g-recaptcha-hidden\" class=\"wpforms-recaptcha-hidden\" style=\"position:absolute!important;clip:rect(0,0,0,0)!important;height:1px!important;width:1px!important;border:0!important;overflow:hidden!important;padding:0!important;margin:0!important;\" data-rule-recaptcha=\"1\"><\/div><div class=\"wpforms-submit-container\" ><input type=\"hidden\" name=\"wpforms[id]\" value=\"401\"><input type=\"hidden\" name=\"page_title\" value=\"\"><input type=\"hidden\" name=\"page_url\" value=\"https:\/\/www.norinvapaasrk.fi\/index.php\/wp-json\/wp\/v2\/pages\/73\"><input type=\"hidden\" name=\"url_referer\" value=\"\"><button type=\"submit\" name=\"wpforms[submit]\" id=\"wpforms-submit-401\" class=\"wpforms-submit\" data-alt-text=\"Sending...\" data-submit-text=\"Submit\" aria-live=\"assertive\" value=\"wpforms-submit\">Submit<\/button><\/div><\/form><\/div>  <!-- .wpforms-container --><\/code><\/pre>\n","protected":false},"excerpt":{"rendered":"<p>T\u00e4m\u00e4 lomake l\u00e4hett\u00e4\u00e4 rukouspyynn\u00f6n Norinkyl\u00e4n vapaaseurakunnan vastuullisille.<\/p>\n","protected":false},"author":1,"featured_media":0,"parent":0,"menu_order":0,"comment_status":"closed","ping_status":"closed","template":"","meta":{"footnotes":""},"class_list":["post-73","page","type-page","status-publish","hentry"],"_links":{"self":[{"href":"https:\/\/www.norinvapaasrk.fi\/index.php\/wp-json\/wp\/v2\/pages\/73","targetHints":{"allow":["GET"]}}],"collection":[{"href":"https:\/\/www.norinvapaasrk.fi\/index.php\/wp-json\/wp\/v2\/pages"}],"about":[{"href":"https:\/\/www.norinvapaasrk.fi\/index.php\/wp-json\/wp\/v2\/types\/page"}],"author":[{"embeddable":true,"href":"https:\/\/www.norinvapaasrk.fi\/index.php\/wp-json\/wp\/v2\/users\/1"}],"replies":[{"embeddable":true,"href":"https:\/\/www.norinvapaasrk.fi\/index.php\/wp-json\/wp\/v2\/comments?post=73"}],"version-history":[{"count":2,"href":"https:\/\/www.norinvapaasrk.fi\/index.php\/wp-json\/wp\/v2\/pages\/73\/revisions"}],"predecessor-version":[{"id":409,"href":"https:\/\/www.norinvapaasrk.fi\/index.php\/wp-json\/wp\/v2\/pages\/73\/revisions\/409"}],"wp:attachment":[{"href":"https:\/\/www.norinvapaasrk.fi\/index.php\/wp-json\/wp\/v2\/media?parent=73"}],"curies":[{"name":"wp","href":"https:\/\/api.w.org\/{rel}","templated":true}]}}