{"id":70,"date":"2019-07-11T20:53:58","date_gmt":"2019-07-11T17:53:58","guid":{"rendered":"http:\/\/testisivu.video.blog\/?page_id=70"},"modified":"2026-05-04T17:06:44","modified_gmt":"2026-05-04T14:06:44","slug":"paivitetty","status":"publish","type":"page","link":"https:\/\/www.norinvapaasrk.fi\/index.php\/paivitetty\/","title":{"rendered":"P\u00e4ivitetty"},"content":{"rendered":"\n<p>VUOSI 2026<\/p>\n\n\n\n<p>Toukokuu<br>P\u00e4ivitetty 4.5.2026<br>&#8211; lis\u00e4tty kokousilmoitus etusivulle<br>-poistettu etusivulta kokousilmoitus<br>&#8211; p\u00e4ivitetty toukokuun kuukausitiedotetta<\/p>\n\n\n\n<p>Huhtikuu<\/p>\n\n\n\n<p>P\u00e4ivitetty 26.4.2026<br>&#8211; lis\u00e4tty toukokuun kuukausitiedote<br>&#8211; lis\u00e4tty kokousilmoitus etusivulle<br>&#8211; lis\u00e4tty tiedote verstasseuroista<\/p>\n\n\n\n<p><\/p>\n\n\n\n<p>P\u00e4ivitetty 21.4.2026<br>&#8211; poistettu etusivulta kokousilmoitus<br>&#8211; p\u00e4ivitetty yl\u00e4grafiikkaa<br>&#8211; lis\u00e4tty kokousilmoitus etusivulle<br>&#8211; p\u00e4ivitetty kokousilmoitusta<\/p>\n\n\n\n<p>P\u00e4ivitetty 14.4.2026<br>&#8211; poistettu etusivulta kaksi kokousilmoitusta<br>&#8211; siirretty maaliskuun kuukausitiedote arkistoon<\/p>\n\n\n\n<p>Maaliskuu<\/p>\n\n\n\n<p>P\u00e4ivitetty 29.3.2026<br>&#8211; p\u00e4ivitetty yl\u00e4grafiikkaa<\/p>\n\n\n\n<p>P\u00e4ivitetty 23.3.2026<br>&#8211; lis\u00e4tty huhtikuun kuukausitiedote<br>&#8211; poistettu etusivulta kaksi kokousilmoitusta<br>&#8211; lis\u00e4tty etusivulle kolme kokousilmoitusta<\/p>\n\n\n\n<p>P\u00e4ivitetty 12.3.2026<br>&#8211; poistettu etusivulta kokousilmoitus<\/p>\n\n\n\n<p>P\u00e4ivitetty 7.3.2026<br>&#8211; p\u00e4ivitetty maaliskuun kuukausitiedotetta<br>&#8211; lis\u00e4tty etusivulle kokousilmoitus<\/p>\n\n\n\n<p><br>P\u00e4ivitetty 2.3.2026<br>&#8211; p\u00e4ivitetty maaliskuun kuukausitiedotetta<br>-lis\u00e4tty etusivulle kokousilmoitus<br>&#8211; siirretty tammikuun ja helmikuun kuukausitiedotteet arkistoon<\/p>\n\n\n\n<p>Helmikuu<\/p>\n\n\n\n<p>P\u00e4ivitetty 25.2.2026<br>&#8211; p\u00e4ivitetty yl\u00e4grafiikkaa<br>&#8211; lis\u00e4tty etusivulle kaksi kokousilmoitusta<br>&#8211; lis\u00e4tty maaliskuun kuukausitiedote<\/p>\n\n\n\n<p><br>P\u00e4ivitetty 16.2.2026<br>&#8211; p\u00e4ivitetty helmikuun kuukausitiedotetta<br>&#8211; poistettu etusivulta kaksi kokousilmoitusta<br>&#8211; lis\u00e4tty etusivulle kokousilmoitus<\/p>\n\n\n\n<p><br>P\u00e4ivitetty 2.2.2026<br>&#8211; poistettu etusivulta kokoustiedote<\/p>\n\n\n\n<p><br>Tammikuu <br>P\u00e4ivitetty 20.1.2026<br>&#8211; poistettu etusivulta kaksi kokousilmoitusta<br>&#8211; lis\u00e4tty etusivulle kaksi kokousilmoitusta<br>&#8211; lis\u00e4tty helmikuun kuukausitiedote<br>&#8211; p\u00e4ivitetty henkil\u00f6t lista<br>&#8211; p\u00e4ivitetty yl\u00e4grafiikkaa<\/p>\n\n\n\n<p>VUOSI 2025<\/p>\n\n\n\n<p>Joulukuu 2025<\/p>\n\n\n\n<p>P\u00e4ivitetty 30.12.2025<br>&#8211; poistettu joulukortti etusivulta<br>&#8211; lis\u00e4tty etusivulle kolme kokousilmoitusta<br>&#8211; lis\u00e4tty tammikuun kuukausitiedote<\/p>\n\n\n\n<p>P\u00e4ivitetty 21.12.2025<br>&#8211; lis\u00e4tty joulukortti etusivulle<\/p>\n\n\n\n<p>P\u00e4ivitetty 10.12.2025<br>&#8211; lis\u00e4tty kokousilmoitus etusivulle<br><br>P\u00e4ivitetty 2.12.2025<br>-poistettu etusivulta kokousilmoitus<\/p>\n\n\n\n<p>Marraskuu 2025<\/p>\n\n\n\n<p>P\u00e4ivitetty 25.11.2025<br>&#8211; lis\u00e4tty joulukuun kuukausitiedote<br>&#8211; lis\u00e4tty etusivulle kokousilmoitus<br>&#8211; p\u00e4ivitetty yl\u00e4grafiikkaa<\/p>\n\n\n\n<p><br>P\u00e4ivitetty 24.11.2025<br>&#8211; poistettu etusivulta kaksi kokousilmoitusta<\/p>\n\n\n\n<p>Lokakuu 2025<br>P\u00e4ivitetty 31.10.2025<br>&#8211; poistettu etusivulta kolme kokousilmoitusta<br>&#8211; lis\u00e4tty etusivulle kolme kokousilmoitusta<br>&#8211; lis\u00e4tty marraskuun kuukausitiedote<br>&#8211; p\u00e4ivitetty sivujen yl\u00e4grafiikkaa<\/p>\n\n\n\n<p>Syyskuu 2025<br>P\u00e4ivitetty 28.9.2025<br>&#8211; lis\u00e4tty lokakuun kuukausitiedote<br>&#8211; poistettu etusivulta kaksi kokousilmoitusta<br>&#8211; lis\u00e4tty etusivulle kolme kokousilmoitusta<\/p>\n\n\n\n<p>P\u00e4ivitetty 16.9.<br>&#8211; poistettu etusivulta kokousilmoitus<br><br>P\u00e4ivitetty 8.9.<br>&#8211; p\u00e4ivitetty syyskuun kuukausitiedotetta<br>&#8211; lis\u00e4tty etusivulle kokousilmoitus<br>&#8211; p\u00e4ivitetty sivun yl\u00e4grafiikkaa<\/p>\n\n\n\n<p><br>Elokuu 2025<\/p>\n\n\n\n<p>P\u00e4ivitetty 30.8.<br>&#8211; lis\u00e4tty syyskuun kuukausitiedote<br>&#8211; poistettu etusivulta kaksi kokousilmoitusta<br>&#8211; lis\u00e4tty etusivulle kaksi kokousilmoitusta<br>P\u00e4ivitetty 2.8.<br>&#8211; lis\u00e4tty elokuun kuukausitiedote<br>&#8211; lis\u00e4tty etusivulle kokousilmoitus<br>&#8211; p\u00e4ivitetty yl\u00e4grafiikkaa<br>&#8211; siirretty kes\u00e4kuun ja hein\u00e4kuun kuukausitiedotteet arkistoon<\/p>\n\n\n\n<p>Hein\u00e4kuu 2025<br>P\u00e4ivitetty 18.7.<br>&#8211; poistettu etusivulta verstasseurat ilmoitus<br>&#8211; lis\u00e4tty etusivulle linkki verstasseurojen lauantaina kuvattuun videoon<\/p>\n\n\n\n<p>P\u00e4ivitetty 3.7.2025<br>&#8211; lis\u00e4tty etusivulle kokousilmoitus<br>&#8211; lis\u00e4tty hein\u00e4kuun kuukausitiedote<br>&#8211; p\u00e4ivitetty yl\u00e4grafiikkaa<\/p>\n\n\n\n<p>Kes\u00e4kuu 2025<br>&#8211; poistettu etusivulta kokousilmoitus<br>&#8211; lis\u00e4tty etusivulle uusi kokousilmoitus<br>&#8211; lis\u00e4tty etusivulle linkki Vapaakirkon kes\u00e4juhlille<br>&#8211; siirretty toukokuun kuukausitiedote arkistoon<br><\/p>\n\n\n\n<p>Toukokuu 2025<br>&#8211; P\u00e4ivitetty 24.8.2025<br>&#8211; poistettu etusivulta kokousilmoitus<br>&#8211; lis\u00e4tty etusivulle uusi kokousilmoitus<\/p>\n\n\n\n<p>P\u00e4ivitetty 18.5.2025<br>&#8211; p\u00e4ivitetty toukokuun kuukausitiedotetta<br>&#8211; p\u00e4ivitetty yl\u00e4grafiikkaa<br>&#8211; poistettu etusivulta kokousilmoitus<br>&#8211; lis\u00e4tty kokousilmoitus etusivulle<\/p>\n\n\n\n<p><br>P\u00e4ivitetty 6.5.2025<br>&#8211; poistettu etusivulta kokousilmoitukset<br>&#8211; lis\u00e4tty etusivulle kaksi kokousilmoitusta<br>&#8211; p\u00e4ivitetty henkil\u00f6t listan yhteystietoja<br>&#8211; poistettu kortti etusivulta ja lis\u00e4tty uusi kortti<\/p>\n\n\n\n<p>Huhtikuu 2025<\/p>\n\n\n\n<p><br>P\u00e4ivitetty 30.4.2025<br>&#8211; Lis\u00e4tty toukokuun kuukausitiedote<\/p>\n\n\n\n<p>Maaliskuu 2025<\/p>\n\n\n\n<p><br>P\u00e4ivitetty 29.3.2025<br>&#8211; lis\u00e4tty huhtikuun kuukausitiedote<br>&#8211; poistettu etusivulta kolme kokoustiedotetta<br>&#8211; lis\u00e4tty etusivulle kolme kokoustiedotetta<br>&#8211; p\u00e4ivitetty yl\u00e4grafiikkaa<\/p>\n\n\n\n<p>Helmikuu 2025<\/p>\n\n\n\n<p>P\u00e4ivitetty 26.2.2025<br>&#8211; poistettu etusivulta kolme kokousilmoitusta<br>&#8211; lis\u00e4tty etusivulle kolme kokousilmoitusta<br>&#8211; lis\u00e4tty maaliskuun kuukausitiedote<br>&#8211; p\u00e4ivitetty yl\u00e4grafiikkaa<\/p>\n\n\n\n<p>P\u00e4ivitetty 16.2.2025<br>&#8211; poistettu etusivulta kaksi kokousilmoitusta<br>&#8211; lis\u00e4tty kortti etusivulle<\/p>\n\n\n\n<p>Tammikuu 2025<\/p>\n\n\n\n<p>P\u00e4ivitetty 30.1.2025<br>&#8211; p\u00e4ivitetty helmikuun kuukausitiedotetta<br>&#8211; poistettu etusivulta kokousilmoitus<br>&#8211; lis\u00e4tty etusivulle kokousilmoitus<\/p>\n\n\n\n<p>P\u00e4ivitetty 14.1.2025<br>&#8211; poistettu etusivulta kokousilmoituksia<br>&#8211; lis\u00e4tty kaksi kokousilmoitusta etusivulle<br>&#8211; p\u00e4ivitetty tammikuun kuukausitiedotetta<br>&#8211; siirretty joululaulut arkistoon<\/p>\n\n\n\n<p><\/p>\n\n\n\n<p>VUOSI 2024<\/p>\n\n\n\n<p>Joulukuu<\/p>\n\n\n\n<p>P\u00e4ivitetty 30.12.2024<br>&#8211; poistettu etusivulta kaksi kokousilmoitusta<br>&#8211; lis\u00e4tty etusivulle kaksi kokousilmoitusta<br>&#8211; lis\u00e4tty tammikuun kuukausitiedote<br>&#8211; p\u00e4ivitetty sivuston yl\u00e4grafiikkaa<\/p>\n\n\n\n<p><br>P\u00e4ivitetty 1.12.2024<br>&#8211; lis\u00e4tty joulukuun kuukausitiedote<br>&#8211; poistettu etusivulta kokousmainos<br>. lis\u00e4tty etusivulle joulukalenteri ilmoitus sek\u00e4 kokousilmoitus<\/p>\n\n\n\n<p>Marraskuu<\/p>\n\n\n\n<p>P\u00e4ivitetty 12.11.2024<br>&#8211; lis\u00e4tty joululauluilmoitus etusivulle<br>&#8211; p\u00e4ivitetty yl\u00e4grafiikkaa<\/p>\n\n\n\n<p>Lokakuu<\/p>\n\n\n\n<p>P\u00e4ivitetty<br>&#8211; lis\u00e4tty marraskuun kuukausitiedote<\/p>\n\n\n\n<p>Syyskuu<\/p>\n\n\n\n<p>P\u00e4ivitetty 29.9.2024<br>&#8211; lis\u00e4tty kaksi kokousilmoitusta etusivulle<br>&#8211; p\u00e4ivitetty lokakuun kuukausitiedotetta<\/p>\n\n\n\n<p>P\u00e4ivitetty 23.9.2024<br>&#8211; lis\u00e4tty lokakuun kuukausitiedote<br>&#8211; lis\u00e4tty etusivulle kokousilmoitus<br>&#8211; p\u00e4ivitetty yl\u00e4grafiikkaa<\/p>\n\n\n\n<p>Elokuu<\/p>\n\n\n\n<p>P\u00e4ivitetty 27.8.2024<br>&#8211; lis\u00e4tty etusivulle kaksi kokousilmoitusta<br>&#8211; lis\u00e4tty syyskuun kuukausitiedote<\/p>\n\n\n\n<p>Hein\u00e4kuu<\/p>\n\n\n\n<p>P\u00e4ivitetty 21.7.2024<br>&#8211; lis\u00e4tty elokuun kuukausitiedote<\/p>\n\n\n\n<p>P\u00e4ivitetty 14.7.2024<br>&#8211; lis\u00e4tty etusivulle kaksi kokousilmoitusta<br>&#8211; p\u00e4ivitetty yl\u00e4grafiikkaa<\/p>\n\n\n\n<p>Kes\u00e4kuu<\/p>\n\n\n\n<p>P\u00e4ivitetty 29.6.2024<br>&#8211; poistettu etusivulta kokousilmoitus<br>&#8211; lis\u00e4tty etusivulle hein\u00e4kuun tiedote<\/p>\n\n\n\n<p>P\u00e4ivitetty 3.6.2024<br>&#8211; p\u00e4ivitetty kes\u00e4kuun kuukausitiedotetta<br>&#8211; lis\u00e4tty yksi kokousilmoitus etusivulle<\/p>\n\n\n\n<p>P\u00e4ivitetty 1.6.2024<br>&#8211; poistettu etusivulta kolme kokousilmoitusta<br>&#8211; lis\u00e4tty kes\u00e4kuun kuukausitiedote<\/p>\n\n\n\n<p>Huhtikuu<br>P\u00e4ivitetty 26.4.2024<br>&#8211; lis\u00e4tty toukokuun kuukausitiedote<br>&#8211; poistettu etusivulta kaksi kokousilmoitusta<br>&#8211; lis\u00e4tty etusivulle kolme kokousilmoitusta<br>&#8211; p\u00e4ivitetty yl\u00e4grafiikkaa<\/p>\n\n\n\n<p>Maaliskuu<\/p>\n\n\n\n<p>P\u00e4ivitetty 28.4.2024<br>&#8211; poistettu etusivulta kaksi kokousilmoitusta<br>&#8211; lis\u00e4tty etusivulle kaksi kokousilmoitusta<br>&#8211; p\u00e4ivitetty yl\u00e4grafiikkaa<br>&#8211; lis\u00e4tty huhtikuun kuukausitiedote<\/p>\n\n\n\n<p>P\u00e4ivitetty 7.3.2024<br>&#8211; poistettu etusivulta kokousilmoitus<br>: lis\u00e4tty etusivulle kaksi kokousilmoitusta<\/p>\n\n\n\n<p>P\u00e4ivitetty 4.3.2024<br>&#8211; lis\u00e4tty yksi kokousilmoitus etusivulle<br>&#8211; P\u00e4ivitetty maaliskuun kuukausitiedotetta<\/p>\n\n\n\n<p>P\u00e4ivitetty 3.3.2024<br>&#8211; poistettu etusivulta kokousilmoitus<br>&#8211; lis\u00e4tty etusivulle kokousilmoitus<br>&#8211; siirretty helmikuun kuukausitiedote arkistoon<\/p>\n\n\n\n<p>Helmikuu<\/p>\n\n\n\n<p>P\u00e4ivitetty 22.2.2.24<br>&#8211; poistettu etusivulta kaksi kokousilmoitusta<br>&#8211; lis\u00e4tty etusivulle linkki kokousvideoon<br>&#8211; lis\u00e4tty etusivulle kokousilmoitus<br>&#8211; lis\u00e4tty maaliskuun kuukausitiedote<\/p>\n\n\n\n<p><br>P\u00e4ivitetty 1.2.2024<br>&#8211; poistettu etusivulta kokousilmoitus<br>&#8211; lis\u00e4tty etusivulle kaksi kokousilmoitusta<br>&#8211; lis\u00e4tty helmikuun kuukausitiedote<\/p>\n\n\n\n<p>Tammikuu<br>P\u00e4ivitetty 9.1.2024<br>&#8211; poistettu etusivulta kokousilmoitus<br>&#8211; p\u00e4ivitetty yl\u00e4grafiikka<\/p>\n\n\n\n<p>P\u00e4ivitetty 21.1.2024<br>&#8211; poistettu etusivulta kokousilmoitus<br>&#8211; lis\u00e4tty etusivulle uusi kokousilmoitus<br>&#8211; p\u00e4ivitetty henkil\u00f6t listaa<\/p>\n\n\n\n<p>VUOSI 2023<\/p>\n\n\n\n<p>JOULUKUU<\/p>\n\n\n\n<p>P\u00e4ivitetty 28.12.2023<\/p>\n\n\n\n<p>&#8211; Siirretty joulukuun kuukausitiedote arkistoon<br>&#8211; poistettu etusivulta joulukortti<br>&#8211; lis\u00e4tty kaksi kokousilmoitusta etusivulle<\/p>\n\n\n\n<p>P\u00e4ivitetty 17.12.2023<br>&#8211; siirretty marraskuun kuukausitiedote arkistoon<br>&#8211; poistettu etusivulta kaksi kokousilmoitusta<br>&#8211; laitettu etusivulle joulukortti<\/p>\n\n\n\n<p>MARRASKUU<\/p>\n\n\n\n<p>P\u00e4ivitetty 26.11.2023<br>&#8211; poistettu etusivulta yksi kokousilmoitus<br>&#8211; lis\u00e4tty etusivulle kaksi kokousilmoitusta<br>&#8211; lis\u00e4tty joulukuun kuukausitiedote<br>&#8211; p\u00e4ivitetty yl\u00e4grafiikkaa<\/p>\n\n\n\n<p>LOKAKUU<\/p>\n\n\n\n<p>P\u00e4ivitetty 31.10.2023<br>&#8211; p\u00e4ivitetty marraskuun kuukausitiedotetta<\/p>\n\n\n\n<p>P\u00e4ivitetty 29.10.2023<br>&#8211; poistettu etusivulta yksi kokousilmoitus<br>&#8211; lis\u00e4tty etusivulle kaksi kokousilmoitusta<br>&#8211; lis\u00e4tty marraskuun kuukausitiedote<br>&#8211; p\u00e4ivitetty yl\u00e4grafiikkaa<br>&#8211; siirretty syyskuun ja lokakuun kuukausitiedotteet arkistoon<br>&#8211; p\u00e4ivitetty arkiston sis\u00e4lt\u00f6\u00e4<\/p>\n\n\n\n<p>SYYSKUU<\/p>\n\n\n\n<p>P\u00e4ivitetty 25.9.2023<br>&#8211; lis\u00e4tty lokakuun kuukausitiedote<br>&#8211; poistettu etusivulta kaksi kokousilmoitusta<br>&#8211; lis\u00e4tty etusivulle kokousilmoitus <\/p>\n\n\n\n<p>ELOKUU<\/p>\n\n\n\n<p>P\u00e4ivitetty 27.8.<br>&#8211; poistettu etusivulta kaksi kokousilmoitusta<br>&#8211; lis\u00e4tty etusivulle kaksi kokousilmoitusta<br>&#8211; lis\u00e4tty syyskuun kuukausitiedote<\/p>\n\n\n\n<p><br>P\u00e4ivitetty 6.8.<br>&#8211; p\u00e4ivitetty Heikkil\u00e4n kokousilmoitusta<br>&#8211; lis\u00e4tty uusi kokousilmoitus etusivulle<\/p>\n\n\n\n<p>HEIN\u00c4KUU<br>P\u00e4ivitetty 30.7.<br>&#8211; lis\u00e4tty elokuun kuukausitiedote<br>&#8211; p\u00e4ivitetty nettisivujen yl\u00e4grafiikkaa<br>&#8211; poistettu etusivulta tiedote seurakunnan kes\u00e4tauosta<\/p>\n\n\n\n<p>KES\u00c4KUU<br>P\u00e4ivitetty 29.6.<br>&#8211; otettu etusivulta kokousilmoitus ja kuva pois<br>&#8211; lis\u00e4tty tiedote seurakunnan kes\u00e4lomasta<br>&#8211; siirretty kes\u00e4kuun kuukausitiedote arkistoon<br>&#8211; p\u00e4ivitetty Linkkej\u00e4 listat ajantasalle<br><br>P\u00e4ivitetty 2.6.2023<br>&#8211; poistettu yksi kokousilmoitus etusivulta<br>&#8211; lis\u00e4tty yksi kokousilmoitus etusivulle<br>&#8211; lis\u00e4tty kuva etusivulle<br>&#8211; siirretty toukokuun kuukausitiedote arkistoon<br>&#8211; muokattu arkistoa<\/p>\n\n\n\n<p>TOUKOKUU<br>P\u00e4ivitetty 30.5.2023<br>&#8211; lis\u00e4tty kes\u00e4kuun kuukausitiedote<\/p>\n\n\n\n<p>HUHTIKUU<\/p>\n\n\n\n<p>P\u00e4ivitetty 23.5.2023<br>&#8211; poistettu etusivulta kaksi kokoustiedotetta<br>&#8211; lis\u00e4tty etusivulle yksi kokousilmoitus<br>&#8211; p\u00e4ivitetty nettisivujen yl\u00e4grafiikkaa<\/p>\n\n\n\n<p>P\u00e4ivitetty 2.4.2023<br>&#8211; lis\u00e4tty huhtikuun kuukausitiedote<br>&#8211; poistettu etusivulta kokousilmoitus ja lis\u00e4tty kaksi kokousilmoitusta<\/p>\n\n\n\n<p>MAALISKUU<\/p>\n\n\n\n<p>P\u00e4ivitetty 19.3.2023<br>&#8211; poistettu etusivulta kokousilmoitus<\/p>\n\n\n\n<p>P\u00e4ivitetty 9.3.2023<br>&#8211; p\u00e4ivitetty etusivun kokousilmoitusta<br>&#8211; p\u00e4ivitetty maaliskuun kuukausitiedotetta<\/p>\n\n\n\n<p>P\u00e4ivitetty 2.3.2023<br>&#8211; p\u00e4ivitetty maaliskuun kuukausitiedotetta<\/p>\n\n\n\n<p>HELMIKUU<\/p>\n\n\n\n<p>P\u00e4ivitetty 23.2.2023<br>&#8211; p\u00e4ivitetty maaliskuun kuukausitiedotetta<br>&#8211; lis\u00e4tty etusivulle kokousilmoitus<\/p>\n\n\n\n<p>P\u00e4ivitetty 20.2.2023<br>&#8211; poistettu etusivulta kaksi kokousilmoitusta<br>&#8211; lis\u00e4tty etusivulle kokousilmoitus<\/p>\n\n\n\n<p>TAMMIKUU<\/p>\n\n\n\n<p>P\u00e4ivitetty 30.1.2023<br>&#8211; lis\u00e4tty etusivulle vohvelikahvila ilmoitus<\/p>\n\n\n\n<p>P\u00e4ivitetty 26.1.2023<br>&#8211; p\u00e4ivitetty helmikuun kuukausitiedotetta<br>&#8211; p\u00e4ivitetty etusivun kokousilmoitusta<\/p>\n\n\n\n<p>P\u00e4ivitetty 23.1.2023<br>&#8211; lis\u00e4tty helmikuun kuukausitiedote<\/p>\n\n\n\n<p>P\u00e4ivitetty 16.1.2023<br>&#8211; poistettu etusivulta kaksi kokousilmoitusta<br>&#8211; lis\u00e4tty etusivulle kaksi kokousilmoitusta<br>&#8211; p\u00e4ivitetty yl\u00e4grafiikkaa<\/p>\n\n\n\n<p>P\u00e4ivitetty 1.1.2023<br>&#8211; poistettu etusivulta joulukortti ja joululaululista<\/p>\n\n\n\n<p><\/p>\n","protected":false},"excerpt":{"rendered":"<p>VUOSI 2026 ToukokuuP\u00e4ivitetty 4.5.2026&#8211; lis\u00e4tty kokousilmoitus etusivulle-poistettu etusivulta kokousilmoitus&#8211; p\u00e4ivitetty toukokuun kuukausitiedotetta Huhtikuu P\u00e4ivitetty 26.4.2026&#8211; lis\u00e4tty toukokuun kuukausitiedote&#8211; lis\u00e4tty kokousilmoitus etusivulle&#8211; lis\u00e4tty tiedote verstasseuroista P\u00e4ivitetty 21.4.2026&#8211; poistettu etusivulta kokousilmoitus&#8211; p\u00e4ivitetty yl\u00e4grafiikkaa&#8211; lis\u00e4tty kokousilmoitus etusivulle&#8211; p\u00e4ivitetty kokousilmoitusta P\u00e4ivitetty 14.4.2026&#8211; poistettu etusivulta kaksi kokousilmoitusta&#8211; siirretty maaliskuun kuukausitiedote arkistoon Maaliskuu P\u00e4ivitetty 29.3.2026&#8211; p\u00e4ivitetty yl\u00e4grafiikkaa P\u00e4ivitetty 23.3.2026&#8211; lis\u00e4tty huhtikuun &hellip; <a href=\"https:\/\/www.norinvapaasrk.fi\/index.php\/paivitetty\/\" class=\"more-link\">Jatka lukemista <span class=\"screen-reader-text\">P\u00e4ivitetty<\/span> <span class=\"meta-nav\">&rarr;<\/span><\/a><\/p>\n","protected":false},"author":2,"featured_media":0,"parent":0,"menu_order":0,"comment_status":"closed","ping_status":"closed","template":"","meta":{"footnotes":""},"class_list":["post-70","page","type-page","status-publish","hentry"],"_links":{"self":[{"href":"https:\/\/www.norinvapaasrk.fi\/index.php\/wp-json\/wp\/v2\/pages\/70","targetHints":{"allow":["GET"]}}],"collection":[{"href":"https:\/\/www.norinvapaasrk.fi\/index.php\/wp-json\/wp\/v2\/pages"}],"about":[{"href":"https:\/\/www.norinvapaasrk.fi\/index.php\/wp-json\/wp\/v2\/types\/page"}],"author":[{"embeddable":true,"href":"https:\/\/www.norinvapaasrk.fi\/index.php\/wp-json\/wp\/v2\/users\/2"}],"replies":[{"embeddable":true,"href":"https:\/\/www.norinvapaasrk.fi\/index.php\/wp-json\/wp\/v2\/comments?post=70"}],"version-history":[{"count":296,"href":"https:\/\/www.norinvapaasrk.fi\/index.php\/wp-json\/wp\/v2\/pages\/70\/revisions"}],"predecessor-version":[{"id":3994,"href":"https:\/\/www.norinvapaasrk.fi\/index.php\/wp-json\/wp\/v2\/pages\/70\/revisions\/3994"}],"wp:attachment":[{"href":"https:\/\/www.norinvapaasrk.fi\/index.php\/wp-json\/wp\/v2\/media?parent=70"}],"curies":[{"name":"wp","href":"https:\/\/api.w.org\/{rel}","templated":true}]}}