{"id":47,"date":"2019-07-11T20:49:23","date_gmt":"2019-07-11T17:49:23","guid":{"rendered":"http:\/\/testisivu.video.blog\/?page_id=47"},"modified":"2019-07-11T20:49:23","modified_gmt":"2019-07-11T17:49:23","slug":"musiikkia","status":"publish","type":"page","link":"https:\/\/www.norinvapaasrk.fi\/index.php\/musiikkia\/","title":{"rendered":"Musiikkia"},"content":{"rendered":"\n<p><strong>Hengellist\u00e4 musiikkia netiss\u00e4<\/strong><\/p>\n\n\n\n<p><a href=\"https:\/\/www.youtube.com\/watch?v=abyGhk2KkEw\">Piia Viitanen:Miksi pelk\u00e4isin<\/a><\/p>\n\n\n\n<p><a href=\"https:\/\/www.youtube.com\/watch?v=o3Ssw9Rxw3Y\">A-M &amp; P. Simojoki:<\/a><a href=\"https:\/\/www.youtube.com\/watch?v=o3Ssw9Rxw3Y\">Itkem\u00e4tt\u00f6m\u00e4t itkut<\/a><\/p>\n\n\n\n<p><a href=\"http:\/\/www.youtube.com\/watch?v=oTChwVHLzPo\">Nina \u00c5str\u00f6m -Anna sade<\/a><\/p>\n\n\n\n<p><a href=\"http:\/\/www.youtube.com\/watch?v=USM1cFne-p0\">Nina \u00c5str\u00f6m &#8211; Kansalleni<\/a><\/p>\n\n\n\n<p><a href=\"http:\/\/www.youtube.com\/watch?v=03vhhbdwH6E\">Nina \u00c5str\u00f6m &#8211; Saavu Herra<\/a><\/p>\n\n\n\n<p><a href=\"http:\/\/www.youtube.com\/watch?v=7ZnKeMiXInc\">Nina \u00c5str\u00f6m &#8211; Tahdon kertoa sinulle taivaasta<\/a><\/p>\n\n\n\n<p><a href=\"http:\/\/www.youtube.com\/user\/HMOjala\">hmojala<\/a><\/p>\n\n\n\n<p><a href=\"http:\/\/www.youtube.com\/watch?v=BfeYlehy5Do&amp;feature=related\">Armo tuli kyl\u00e4\u00e4n, usko ainoastaan (EXIT)<\/a> <\/p>\n\n\n\n<p><a href=\"http:\/\/www.youtube.com\/watch?v=sMQhiPpK5uw&amp;feature=related\">Olet tervetullut joukkoon huonojen\u00a0 (EXIT)<\/a> <\/p>\n\n\n\n<p><a href=\"http:\/\/www.youtube.com\/watch?v=xNUUkb2GdP0&amp;feature=related\">Siell\u00e4 jossakin (EXIT)<\/a> <\/p>\n\n\n\n<p><a href=\"http:\/\/www.youtube.com\/watch?v=9DEYgcK73ZI&amp;feature=related\">\u00c4l\u00e4 pelk\u00e4\u00e4<\/a> <\/p>\n\n\n\n<p><a href=\"http:\/\/www.youtube.com\/watch?v=sEbATbqw_Ww&amp;feature=related\">Barabbaan laulu <\/a><\/p>\n\n\n\n<p><a href=\"http:\/\/www.youtube.com\/watch?v=37LMmGB0DUQ&amp;feature=related\">Taivas ehj\u00e4ksi rakastaa <\/a><\/p>\n\n\n\n<p><a href=\"http:\/\/www.youtube.com\/watch?v=zoeuJ-VIqr8&amp;feature=related\">Peitetyt kyyneleet<\/a> <\/p>\n\n\n\n<p><a href=\"http:\/\/www.youtube.com\/watch?v=6h0iOT92WsY&amp;feature=related\">Toisella puolen virtaa (Juha Tapio)<\/a> <\/p>\n\n\n\n<p><a href=\"http:\/\/www.youtube.com\/watch?v=Dw77qX8_akk&amp;feature=related\">Luota vaan (Juha Tapio)<\/a><\/p>\n\n\n\n<p><a href=\"http:\/\/www.youtube.com\/watch?v=5vFszQ76ybg&amp;feature=related\">Toiset kaatuu me ei milloinkaan (Juha Tapio)<\/a> <\/p>\n\n\n\n<p><a href=\"http:\/\/www.youtube.com\/watch?v=aBXCdcxANOY&amp;feature=related\">Vuodet vieri\u00e4 saa (Juha Tapio)<\/a><\/p>\n\n\n\n<p><a href=\"http:\/\/www.youtube.com\/watch?v=D4NZfkpHXfw&amp;feature=related\">Syksy (Juha Tapio)<\/a> <\/p>\n\n\n\n<p><a href=\"http:\/\/www.youtube.com\/watch?v=z030qf-Ka4U&amp;feature=related\">Sitke\u00e4 syd\u00e4n (Juha Tapio<\/a><\/p>\n\n\n\n<p><a href=\"http:\/\/www.youtube.com\/watch?v=GQJ2cVIAVMA&amp;feature=related\">Valtaa minut takaisin (Petrus)<\/a><\/p>\n\n\n\n<p><a href=\"http:\/\/www.youtube.com\/watch?v=z6JgJpZiM0c&amp;feature=related\">Silm\u00e4t t\u00e4ydellisen rakkauden (Petrus)<\/a> <\/p>\n\n\n\n<p><a href=\"http:\/\/www.youtube.com\/watch?v=WxecwP2mM7c&amp;feature=related\">Silloin kun en itse jaksa<\/a><\/p>\n\n\n\n<p><a href=\"http:\/\/www.youtube.com\/watch?v=X3FrcQOb3bI&amp;feature=related\">Lapset ovat Herran lahja<\/a><\/p>\n\n\n\n<p><a href=\"http:\/\/www.youtube.com\/watch?v=XXiRgFryIxc&amp;feature=related\">K\u00e4det<\/a><\/p>\n\n\n\n<p><a href=\"http:\/\/www.youtube.com\/watch?v=heYo_XbmoRQ&amp;feature=BF&amp;list=ULHVAk_Ms5KH0&amp;index=22\">El\u00e4m\u00e4\u00e4 uutta<\/a><\/p>\n\n\n\n<p><a href=\"http:\/\/www.youtube.com\/watch?v=Oo0w3Hs5U10&amp;feature=BF&amp;list=ULHVAk_Ms5KH0&amp;index=19\">On Jeesus nimi vailla vertaa<\/a><\/p>\n\n\n\n<p><a href=\"http:\/\/www.youtube.com\/watch?v=XXfbd-mNQvM&amp;feature=related\">Silm\u00e4s nauraa<\/a><\/p>\n\n\n\n<p><a href=\"http:\/\/www.youtube.com\/watch?v=GtB_XQVd6To&amp;feature=related\">Apu tulee ylh\u00e4\u00e4lt\u00e4<\/a><\/p>\n\n\n\n<p><a href=\"http:\/\/www.youtube.com\/watch?v=5qUMeQDv9-o&amp;feature=related\">Onko enkeleit\u00e4<\/a><\/p>\n\n\n\n<p><a href=\"http:\/\/www.youtube.com\/watch?v=0OOLt5x-1QE&amp;feature=related\">Jippi Valo-kuoro<\/a><\/p>\n\n\n\n<p><a href=\"http:\/\/www.youtube.com\/watch?v=9gFWqDB017s&amp;feature=BF&amp;list=ULcQxesqh0FPQ&amp;index=14\">Jokainen on kaunis<\/a><\/p>\n\n\n\n<p><a href=\"http:\/\/www.youtube.com\/watch?v=VkH5xXqZgQ8&amp;feature=related\">Laulu Suomelle<\/a><\/p>\n\n\n\n<p><a href=\"http:\/\/www.youtube.com\/watch?v=sB65E-q2kkw&amp;feature=related\">Anna palaa<\/a><\/p>\n\n\n\n<p><a href=\"http:\/\/www.youtube.com\/watch?v=cQw2n7jVAkE&amp;feature=related\">Pyh\u00e4 Henki saavu syd\u00e4meeni<\/a><\/p>\n\n\n\n<p><a href=\"http:\/\/www.youtube.com\/watch?v=vfZsaeXXwTA&amp;feature=related\">Sama Vanha Ristinpuu<\/a><\/p>\n\n\n\n<p><a href=\"http:\/\/www.youtube.com\/watch?v=0RW10Tp-qJ0&amp;feature=related\">Sin\u00e4 y\u00f6n\u00e4 nousi uusi aamu<\/a><\/p>\n\n\n\n<p><a href=\"http:\/\/www.youtube.com\/watch?v=QrVbvkk0LWs&amp;feature=related\">Taivaskaipuu<\/a><\/p>\n\n\n\n<p><a href=\"http:\/\/www.youtube.com\/watch?v=UMO_FwVWRdE&amp;feature=related\">Pyh\u00e4t Sotilaat sikerm\u00e4<\/a><\/p>\n\n\n\n<p><a href=\"http:\/\/www.youtube.com\/watch?v=P6W6xTJyxYs&amp;feature=related\">Siunaa kotiamme<\/a><\/p>\n\n\n\n<p><a href=\"http:\/\/www.youtube.com\/watch?v=FKE0sKM1fO0&amp;feature=related\">Suuri rakkauden meri<\/a><\/p>\n\n\n\n<p><a href=\"http:\/\/www.youtube.com\/watch?v=nI9bE6798oQ&amp;feature=related\">On Jeesus yst\u00e4v\u00e4si<\/a><\/p>\n\n\n\n<p><a href=\"http:\/\/www.youtube.com\/watch?v=qJYns07per0&amp;feature=related\">T\u00e4\u00e4ll\u00e4 pohjan t\u00e4hden alla &#8211; Jorma Hynninen<\/a><\/p>\n\n\n\n<p><a href=\"http:\/\/www.youtube.com\/watch?v=catq6PpCqNE&amp;feature=related\">Me saamme kasvaa<\/a><\/p>\n\n\n\n<p><a href=\"http:\/\/www.youtube.com\/watch?v=taaU5hd1ZYA&amp;feature=related\">El\u00e4m\u00e4 on nyt<\/a><\/p>\n\n\n\n<p><a href=\"http:\/\/www.youtube.com\/watch?v=AM3QJ7156t0&amp;feature=related\">Olet vapaa<\/a><\/p>\n\n\n\n<p><a href=\"http:\/\/www.youtube.com\/watch?v=E3K6H-z63c0&amp;feature=related\">Kev\u00e4tpurojen solinaa<\/a><\/p>\n\n\n\n<p><a href=\"http:\/\/www.youtube.com\/watch?v=cJllFAzN8Ek\">Herrasta veisaa kieleni<\/a><\/p>\n\n\n\n<p><a href=\"http:\/\/www.youtube.com\/watch?v=F0WgwuEWSkM&amp;feature=related\">N\u00f6yr\u00e4 kiitos<\/a><\/p>\n\n\n\n<p><a href=\"http:\/\/www.youtube.com\/watch?v=S3-CLvNGALk&amp;feature=related\">Reijo, Tapani ja Ari: \u00c4iti kulta<\/a><\/p>\n\n\n\n<p><a href=\"http:\/\/www.youtube.com\/watch?v=_k0iUsy0gvQ&amp;feature=related\">Heimo Enbuska: Korkea taivas ja matala maa<\/a><\/p>\n\n\n\n<p><a href=\"http:\/\/www.youtube.com\/watch?v=3ZB2FZIz154\">Jumala, kuule hiljainen huokaus&#8230;<\/a><\/p>\n\n\n\n<p><a href=\"http:\/\/www.youtube.com\/watch?v=p24p4ixY0nU\">Aamurusko:Tahdon laulaa ja soittaa<\/a><\/p>\n\n\n\n<p><a href=\"http:\/\/www.youtube.com\/watch?v=2OuDAtSWC1o\">Aamurusko: Silloin olit viel\u00e4<\/a><\/p>\n\n\n\n<p><a href=\"http:\/\/www.youtube.com\/watch?v=kUILIVQCUyw\">Kuinka paljon<\/a><\/p>\n\n\n\n<p><a href=\"http:\/\/www.youtube.com\/watch?v=38GTxIbVsDE&amp;feature=related\">Et Cetera: Vie kahleet huuliltani pois<\/a><\/p>\n\n\n\n<p><a href=\"http:\/\/www.youtube.com\/watch?v=4CEGk3TENqo&amp;feature=related\">Muuttolintu<\/a><\/p>\n\n\n\n<p><a href=\"http:\/\/www.youtube.com\/watch?v=odBoxp4Vud8&amp;feature=related\">Marita Pasuri ja Heka Raatikainen: S\u00e4rkyneiden majatalo<\/a><\/p>\n\n\n\n<p><a href=\"http:\/\/www.youtube.com\/watch?v=aZW3P8Q7jeM\">Mika S\u00e4rkk\u00e4: sikerm\u00e4 hengellisi\u00e4 lauluja suomeksi ja espanjaksi<\/a><\/p>\n\n\n\n<p><a href=\"http:\/\/www.youtube.com\/watch?v=VyXaJTOzgxY&amp;feature=related\">V\u00e4syneet maan (diashow)<\/a><\/p>\n\n\n\n<p><a href=\"http:\/\/www.youtube.com\/watch?v=DNw28LTiBqo&amp;feature=related\">Laura Pakarinen: Kaikki on helpompaa<\/a><\/p>\n\n\n\n<p><a href=\"http:\/\/www.youtube.com\/watch?v=H_PnDzQA-kM&amp;feature=related\">Laura Pakarinen: Pyh\u00e4<\/a><\/p>\n\n\n\n<p><a href=\"http:\/\/www.youtube.com\/watch?v=md6OnnD8CoQ&amp;feature=related\">Ella ja Sara Lahtinen &amp; Pekka Simojoki:&nbsp;Kyll\u00e4 tai ei<\/a><\/p>\n\n\n\n<p><a href=\"http:\/\/www.youtube.com\/watch?v=CV7pm8hfmCs&amp;feature=related\">Sara Lahtinen ja Heavenly swing: Taivaan Is\u00e4 tuntee tien<\/a><\/p>\n\n\n\n<p><a href=\"http:\/\/www.youtube.com\/watch?v=hCfL5f7z-XU&amp;feature=related\">Riku Rinne, Ella Lahtinen ja His voice: Nouse Jumalan kansa<\/a><\/p>\n\n\n\n<p><a href=\"http:\/\/www.youtube.com\/watch?v=FKoz7mMxIic&amp;feature=related\">Think Twice: Enkeli<\/a><\/p>\n\n\n\n<p><a href=\"http:\/\/www.youtube.com\/watch?v=UZoltqOc5k8&amp;feature=related\">Pekka Simojoki: Jumalan tulta<\/a><\/p>\n\n\n\n<p><a href=\"http:\/\/www.youtube.com\/watch?v=b-S32nR8S34\">Pekka Simojoki: Nyt tai ei koskaan<\/a><\/p>\n\n\n\n<p><a href=\"http:\/\/www.youtube.com\/watch?v=0Upw9GaEvb0&amp;feature=related\">Pekka Simojoki: Taivaan siniset silm\u00e4t<\/a><\/p>\n\n\n\n<p><a href=\"http:\/\/www.youtube.com\/watch?v=2odWWDfCsOg&amp;feature=related\">Pekka Simojoki: Toisenlainen tie<\/a><\/p>\n\n\n\n<p><a href=\"http:\/\/www.youtube.com\/watch?v=u2gmYim_PNI&amp;feature=related\">Pekka Simojoki: Katsokaa voittajaan<\/a><\/p>\n\n\n\n<p><a href=\"http:\/\/www.youtube.com\/watch?v=F50eipY9H_s&amp;feature=related\">Pekka Simojoki: Kahden maan kansalainen<\/a><\/p>\n\n\n\n<p><a href=\"http:\/\/www.youtube.com\/watch?v=kraQ8fSgV9M\">Leif Lindeman: Herkk\u00e4 mies<\/a><\/p>\n\n\n\n<p><a href=\"http:\/\/www.youtube.com\/watch?v=JXA71dvEPjY&amp;feature=related\">Leif Lindeman: Veri Jeesuksen<\/a><\/p>\n\n\n\n<p><a href=\"http:\/\/www.youtube.com\/watch?v=wx-FIDVBWVc&amp;feature=related\">Sama taivas yll\u00e4 t\u00e4m\u00e4n maan<\/a><\/p>\n\n\n\n<p><a href=\"http:\/\/www.youtube.com\/watch?v=o3Ssw9Rxw3Y&amp;feature=related\">A-M &amp; Pekka Simojoki: Itkem\u00e4tt\u00f6m\u00e4t itkut<\/a><\/p>\n\n\n\n<p><a href=\"http:\/\/www.youtube.com\/watch?v=gBBMukX-BAQ&amp;feature=related\">Reijo Ikonen: S\u00e4 annat voiman<\/a><\/p>\n\n\n\n<p><a href=\"http:\/\/www.youtube.com\/watch?v=n8FThIcd07s&amp;feature=related\">Paljon aihetta *AiRut<\/a><\/p>\n\n\n\n<p><a href=\"http:\/\/www.youtube.com\/watch?v=6F5qp5SQQk0&amp;feature=related\">Taivas kuulee\/R.Berg<\/a><\/p>\n\n\n\n<p><a href=\"http:\/\/www.youtube.com\/watch?v=rLETuSIlF7Y&amp;feature=related\">Kuljeta ja johda<\/a><\/p>\n\n\n\n<p><a href=\"http:\/\/www.youtube.com\/watch?v=XRH2B5OSkrc&amp;feature=related\">Niin suuri h\u00e4n on<\/a><\/p>\n\n\n\n<p><a href=\"http:\/\/www.youtube.com\/watch?v=qOUuzcfqatE&amp;feature=related\">Sinua siunata tahdon&nbsp; <\/a><\/p>\n\n\n\n<p><a href=\"http:\/\/www.youtube.com\/watch?v=V1Yk30YNOtk&amp;feature=related\">Pid\u00e4 minusta kiinni<\/a><\/p>\n\n\n\n<p><a href=\"http:\/\/www.youtube.com\/watch?v=aVUvCIEo66I&amp;feature=related\">Tuli kirkkoon mies ja lapsi<\/a><\/p>\n","protected":false},"excerpt":{"rendered":"<p>Hengellist\u00e4 musiikkia netiss\u00e4 Piia Viitanen:Miksi pelk\u00e4isin A-M &amp; P. Simojoki:Itkem\u00e4tt\u00f6m\u00e4t itkut Nina \u00c5str\u00f6m -Anna sade Nina \u00c5str\u00f6m &#8211; Kansalleni Nina \u00c5str\u00f6m &#8211; Saavu Herra Nina \u00c5str\u00f6m &#8211; Tahdon kertoa sinulle taivaasta hmojala Armo tuli kyl\u00e4\u00e4n, usko ainoastaan (EXIT) Olet tervetullut joukkoon huonojen\u00a0 (EXIT) Siell\u00e4 jossakin (EXIT) \u00c4l\u00e4 pelk\u00e4\u00e4 Barabbaan laulu Taivas ehj\u00e4ksi rakastaa Peitetyt kyyneleet &hellip; <a href=\"https:\/\/www.norinvapaasrk.fi\/index.php\/musiikkia\/\" class=\"more-link\">Jatka lukemista <span class=\"screen-reader-text\">Musiikkia<\/span> <span class=\"meta-nav\">&rarr;<\/span><\/a><\/p>\n","protected":false},"author":1,"featured_media":0,"parent":0,"menu_order":0,"comment_status":"closed","ping_status":"closed","template":"","meta":{"footnotes":""},"class_list":["post-47","page","type-page","status-publish","hentry"],"_links":{"self":[{"href":"https:\/\/www.norinvapaasrk.fi\/index.php\/wp-json\/wp\/v2\/pages\/47","targetHints":{"allow":["GET"]}}],"collection":[{"href":"https:\/\/www.norinvapaasrk.fi\/index.php\/wp-json\/wp\/v2\/pages"}],"about":[{"href":"https:\/\/www.norinvapaasrk.fi\/index.php\/wp-json\/wp\/v2\/types\/page"}],"author":[{"embeddable":true,"href":"https:\/\/www.norinvapaasrk.fi\/index.php\/wp-json\/wp\/v2\/users\/1"}],"replies":[{"embeddable":true,"href":"https:\/\/www.norinvapaasrk.fi\/index.php\/wp-json\/wp\/v2\/comments?post=47"}],"version-history":[{"count":0,"href":"https:\/\/www.norinvapaasrk.fi\/index.php\/wp-json\/wp\/v2\/pages\/47\/revisions"}],"wp:attachment":[{"href":"https:\/\/www.norinvapaasrk.fi\/index.php\/wp-json\/wp\/v2\/media?parent=47"}],"curies":[{"name":"wp","href":"https:\/\/api.w.org\/{rel}","templated":true}]}}